f 106174 and 104.
2
What is the greatest common factor of 53406 and 167049?
621
What is the greatest common divisor of 1682905 and 1106?
7
Calculate the greatest common factor of 1560 and 25361440.
520
Calculate the highest common divisor of 13185208 and 214756.
4052
What is the highest common factor of 3883848 and 36?
12
What is the greatest common factor of 5222416 and 1216?
304
Calculate the greatest common divisor of 18155 and 367319222.
3631
What is the greatest common divisor of 39898899 and 30228?
687
What is the highest common divisor of 24 and 34894212?
12
What is the highest common factor of 19820 and 1325?
5
Calculate the highest common divisor of 4177636249 and 599.
599
What is the greatest common factor of 1113406 and 21366?
2374
What is the greatest common factor of 72380259 and 3654?
1827
What is the greatest common divisor of 32366074 and 182?
26
Calculate the highest common factor of 5770242 and 7194.
654
What is the highest common factor of 80 and 119900752?
16
Calculate the highest common divisor of 1709905 and 636443.
779
What is the highest common factor of 7994724 and 12?
12
What is the highest common factor of 11 and 124309405?
11
Calculate the greatest common factor of 194790 and 13026420.
1290
Calculate the highest common divisor of 22314830 and 1610.
230
Calculate the greatest common divisor of 2536 and 959736520.
2536
What is the greatest common divisor of 70 and 51069914?
14
What is the highest common divisor of 7023626 and 3652?
166
Calculate the greatest common factor of 110 and 580151.
11
Calculate the greatest common factor of 459 and 485537.
17
What is the greatest common divisor of 1009629350 and 11125?
2225
What is the highest common factor of 148512 and 2499861?
273
Calculate the greatest common factor of 5661506 and 114.
38
What is the highest common factor of 1080 and 72214920?
360
Calculate the greatest common factor of 284 and 4508926.
142
What is the highest common factor of 863 and 1122593852?
863
What is the greatest common factor of 6603 and 470766?
93
What is the highest common factor of 104960 and 93020?
20
Calculate the greatest common divisor of 18963 and 776601.
441
What is the highest common divisor of 2800 and 7992320?
560
Calculate the highest common divisor of 70 and 59149265.
35
Calculate the highest common divisor of 22834 and 2741.
1
Calculate the highest common divisor of 135 and 11199411.
27
Calculate the highest common divisor of 16259608 and 6310.
1262
What is the greatest common divisor of 2160 and 51871320?
1080
Calculate the highest common factor of 8832 and 675456.
384
Calculate the greatest common divisor of 29381473 and 11.
11
Calculate the highest common factor of 5022335 and 15.
5
Calculate the highest common factor of 9120 and 960240.
240
Calculate the greatest common factor of 142113 and 2231286.
1119
What is the highest common factor of 60736 and 658138?
26
Calculate the greatest common factor of 72266 and 55591.
23
What is the highest common divisor of 140508 and 46332?
108
Calculate the greatest common divisor of 184 and 1380966.
46
Calculate the greatest common divisor of 20128 and 2458336.
544
Calculate the greatest common divisor of 378636 and 6204.
12
Calculate the greatest common divisor of 28160 and 19690.
110
Calculate the highest common factor of 2368 and 15638124.
148
What is the greatest common factor of 43 and 2877603?
43
Calculate the greatest common divisor of 31618549 and 2.
1
What is the greatest common divisor of 483 and 989373?
21
What is the highest common divisor of 106371705 and 121?
121
Calculate the highest common factor of 12 and 9089361.
3
What is the greatest common factor of 3674 and 28868956?
334
What is the greatest common factor of 6516440 and 700?
140
What is the highest common divisor of 316877908 and 7316?
7316
What is the highest common factor of 113706 and 126?
18
Calculate the highest common divisor of 5782 and 218591401.
2891
Calculate the greatest common factor of 5335409 and 665.
19
Calculate the highest common divisor of 53157 and 1091415.
1131
Calculate the highest common divisor of 444 and 73398.
6
What is the highest common divisor of 24418 and 671074?
842
Calculate the highest common factor of 314 and 49936205.
157
What is the greatest common factor of 1065683 and 1?
1
What is the highest common factor of 16338641 and 5126?
11
Calculate the greatest common divisor of 27612 and 5254068.
708
What is the highest common divisor of 30 and 234979065?
15
Calculate the greatest common factor of 62545891 and 9215.
1843
Calculate the greatest common factor of 1847375 and 20875.
125
Calculate the greatest common factor of 1696903 and 13.
13
What is the highest common factor of 14511 and 544508?
691
Calculate the highest common divisor of 133807 and 62424.
289
Calculate the highest common factor of 484096833 and 6111.
873
Calculate the greatest common factor of 591770 and 11645.
85
Calculate the highest common factor of 56837559 and 213.
213
Calculate the highest common divisor of 3846381 and 85701.
231
Calculate the greatest common factor of 522 and 55953954.
18
Calculate the highest common divisor of 11790 and 99660.
30
Calculate the highest common factor of 8820877 and 221.
13
Calculate the greatest common factor of 18162 and 55881.
9
Calculate the greatest common factor of 480760 and 14240.
40
Calculate the greatest common factor of 474 and 3697753.
79
Calculate the highest common factor of 60060 and 24612.
84
Calculate the greatest common factor of 17436113 and 473.
43
What is the highest common factor of 1396 and 169?
1
Calculate the greatest common divisor of 3524 and 124095898.
1762
Calculate the greatest common divisor of 15737580 and 9324.
1332
What is the highest common factor of 6587948 and 568?
284
Calculate the highest common factor of 8309 and 302239.
7
Calculate the greatest common divisor of 70 and 26560.
10
Calculate the greatest common factor of 29288 and 89208.
56
Calculate the greatest common divisor of 111767715 and 134555.
7915
Calculate the greatest common factor of 5 and 362130.
5
What is the highest common factor of 20 and 85224340?
20
Calculate the greatest common factor of 104 and 15291458.
26
Calculate the highest common factor of 5 and 4843205.
5
What is the highest common divisor of 157387711 and 109421?
5759
Calculate the greatest common divisor of 364 and 669004.
28
Calculate the highest common divisor of 3598236 and 1728.
108
Calculate the highest common factor of 247652964 and 70473.
5421
What is the greatest common factor of 462 and 189289485?
231
What is the greatest common factor of 2202750 and 8525?
275
Calculate the greatest common divisor of 38484871 and 301.
43
What is the highest common divisor of 13621926 and 6?
6
What is the highest common factor of 113467459 and 164?
41
Calculate the highest common divisor of 49385835 and 171192.
3057
What is the highest common factor of 5698 and 6566?
14
What is the greatest common factor of 1070 and 51447690?
10
Calculate the greatest common divisor of 2404226 and 3097622.
2266
Calculate the highest common divisor of 31023604 and 20.
4
Calculate the greatest common factor of 650 and 84110312.
26
What is the highest common divisor of 1872 and 50570832?
624
Calculate the highest common factor of 11863905 and 255.
15
Calculate the greatest common divisor of 26 and 202298629.
13
Calculate the greatest common divisor of 227332 and 1641556.
644
What is the greatest common divisor of 140 and 3248260?
20
What is the greatest common factor of 7313706 and 1046622?
3162
What is the greatest common factor of 565040 and 518626?
2018
Calculate the highest common divisor of 1715 and 10488205.
245
What is the highest common factor of 234 and 48215466?
234
Calculate the greatest common factor of 6799020 and 5076.
564
What is the highest common divisor of 18165 and 8817810?
2595
Calculate the greatest common divisor of 638724241 and 4201.
4201
What is the highest common divisor of 7271613 and 839?
839
Calculate the highest common divisor of 447956 and 298973.
53
Calculate the greatest common factor of 2271 and 165589965.
2271
Calculate the greatest common divisor of 48875 and 931615.
115
Calculate the highest common factor of 539784 and 220745.
833
What is the highest commo